{"id":533,"date":"2026-02-17T15:39:56","date_gmt":"2026-02-17T18:39:56","guid":{"rendered":"https:\/\/xn--espaoluzsalto-lgb.com.br\/?page_id=533"},"modified":"2026-03-05T19:31:18","modified_gmt":"2026-03-05T22:31:18","slug":"lojinha","status":"publish","type":"page","link":"https:\/\/xn--espaoluzsalto-lgb.com.br\/?page_id=533","title":{"rendered":"lojinha"},"content":{"rendered":"\t\t<div data-elementor-type=\"wp-page\" data-elementor-id=\"533\" class=\"elementor elementor-533\" data-elementor-post-type=\"page\">\n\t\t\t\t<div class=\"elementor-element elementor-element-1c4f418 e-flex e-con-boxed e-con e-parent\" data-id=\"1c4f418\" data-element_type=\"container\" data-e-type=\"container\">\n\t\t\t\t\t<div class=\"e-con-inner\">\n\t\t\t\t<div class=\"elementor-element elementor-element-3547cdc elementor-widget elementor-widget-image\" data-id=\"3547cdc\" data-element_type=\"widget\" data-e-type=\"widget\" data-widget_type=\"image.default\">\n\t\t\t\t<div class=\"elementor-widget-container\">\n\t\t\t\t\t\t\t\t\t\t\t\t\t\t\t\t<a href=\"https:\/\/espa\u00e7oluzsalto.com.br\">\n\t\t\t\t\t\t\t<img decoding=\"async\" width=\"150\" height=\"150\" src=\"https:\/\/xn--espaoluzsalto-lgb.com.br\/wp-content\/uploads\/2026\/02\/WhatsApp-Image-2026-02-03-at-08.42.01-1-150x150.jpeg\" class=\"attachment-thumbnail size-thumbnail wp-image-138\" alt=\"\" \/>\t\t\t\t\t\t\t\t<\/a>\n\t\t\t\t\t\t\t\t\t\t\t\t\t\t\t<\/div>\n\t\t\t\t<\/div>\n\t\t\t\t<div class=\"elementor-element elementor-element-32ddf87 elementor-widget__width-initial elementor-widget elementor-widget-heading\" data-id=\"32ddf87\" data-element_type=\"widget\" data-e-type=\"widget\" data-widget_type=\"heading.default\">\n\t\t\t\t<div class=\"elementor-widget-container\">\n\t\t\t\t\t<h2 class=\"elementor-heading-title elementor-size-default\"><a href=\"https:\/\/espa\u00e7ooluzsalto.com.br\/lojinha\">Lojinha do Espa\u00e7o Luz Salto<\/a><\/h2>\t\t\t\t<\/div>\n\t\t\t\t<\/div>\n\t\t\t\t\t<\/div>\n\t\t\t\t<\/div>\n\t\t<div class=\"elementor-element elementor-element-7c8973d e-flex e-con-boxed e-con e-parent\" data-id=\"7c8973d\" data-element_type=\"container\" data-e-type=\"container\">\n\t\t\t\t\t<div class=\"e-con-inner\">\n\t\t\t\t<div class=\"elementor-element elementor-element-2d8d53a elementor-widget elementor-widget-text-editor\" data-id=\"2d8d53a\" data-element_type=\"widget\" data-e-type=\"widget\" data-widget_type=\"text-editor.default\">\n\t\t\t\t<div class=\"elementor-widget-container\">\n\t\t\t\t\t\t\t\t\t<p>A <strong>Lojinha do Espa\u00e7o Luz Salto<\/strong>, existe somente no presencial com atendimento nos dias de trabalhos espirituais, hol\u00edsticos, eventos diversos.<\/p><p>Aceitamos PIX, Cart\u00f5es de D\u00e9bito e Cr\u00e9dito.<\/p><p>Todo o lucro da <strong>Lojinha<\/strong> se reverte para o mantenimento do <strong>Espa\u00e7o Luz Salto.<\/strong><\/p>\t\t\t\t\t\t\t\t<\/div>\n\t\t\t\t<\/div>\n\t\t\t\t\t<\/div>\n\t\t\t\t<\/div>\n\t\t<div class=\"elementor-element elementor-element-7f85b20 e-flex e-con-boxed e-con e-parent\" data-id=\"7f85b20\" data-element_type=\"container\" data-e-type=\"container\">\n\t\t\t\t\t<div class=\"e-con-inner\">\n\t\t<div class=\"elementor-element elementor-element-f55b017 e-con-full e-flex e-con e-child\" data-id=\"f55b017\" data-element_type=\"container\" data-e-type=\"container\">\n\t\t\t\t<div class=\"elementor-element elementor-element-bdbfd09 elementor-widget elementor-widget-image\" data-id=\"bdbfd09\" data-element_type=\"widget\" data-e-type=\"widget\" data-widget_type=\"image.default\">\n\t\t\t\t<div class=\"elementor-widget-container\">\n\t\t\t\t\t\t\t\t\t\t\t\t\t\t\t<img fetchpriority=\"high\" decoding=\"async\" width=\"461\" height=\"1024\" src=\"https:\/\/xn--espaoluzsalto-lgb.com.br\/wp-content\/uploads\/2026\/02\/Pendulo-1-e1771352360557-461x1024.jpeg\" class=\"attachment-large size-large wp-image-526\" alt=\"\" srcset=\"https:\/\/xn--espaoluzsalto-lgb.com.br\/wp-content\/uploads\/2026\/02\/Pendulo-1-e1771352360557-461x1024.jpeg 461w, https:\/\/xn--espaoluzsalto-lgb.com.br\/wp-content\/uploads\/2026\/02\/Pendulo-1-e1771352360557-135x300.jpeg 135w, https:\/\/xn--espaoluzsalto-lgb.com.br\/wp-content\/uploads\/2026\/02\/Pendulo-1-e1771352360557-691x1536.jpeg 691w\" sizes=\"(max-width: 461px) 100vw, 461px\" \/>\t\t\t\t\t\t\t\t\t\t\t\t\t\t\t<\/div>\n\t\t\t\t<\/div>\n\t\t\t\t<\/div>\n\t\t<div class=\"elementor-element elementor-element-b7edbcb e-con-full e-flex e-con e-child\" data-id=\"b7edbcb\" data-element_type=\"container\" data-e-type=\"container\">\n\t\t\t\t<div class=\"elementor-element elementor-element-5ba1c06 elementor-widget elementor-widget-image\" data-id=\"5ba1c06\" data-element_type=\"widget\" data-e-type=\"widget\" data-widget_type=\"image.default\">\n\t\t\t\t<div class=\"elementor-widget-container\">\n\t\t\t\t\t\t\t\t\t\t\t\t\t\t\t<img decoding=\"async\" width=\"461\" height=\"1024\" src=\"https:\/\/xn--espaoluzsalto-lgb.com.br\/wp-content\/uploads\/2026\/02\/Pedras-Chakras-461x1024.jpeg\" class=\"attachment-large size-large wp-image-523\" alt=\"\" srcset=\"https:\/\/xn--espaoluzsalto-lgb.com.br\/wp-content\/uploads\/2026\/02\/Pedras-Chakras-461x1024.jpeg 461w, https:\/\/xn--espaoluzsalto-lgb.com.br\/wp-content\/uploads\/2026\/02\/Pedras-Chakras-135x300.jpeg 135w, https:\/\/xn--espaoluzsalto-lgb.com.br\/wp-content\/uploads\/2026\/02\/Pedras-Chakras-691x1536.jpeg 691w, https:\/\/xn--espaoluzsalto-lgb.com.br\/wp-content\/uploads\/2026\/02\/Pedras-Chakras.jpeg 720w\" sizes=\"(max-width: 461px) 100vw, 461px\" \/>\t\t\t\t\t\t\t\t\t\t\t\t\t\t\t<\/div>\n\t\t\t\t<\/div>\n\t\t\t\t<\/div>\n\t\t\t\t\t<\/div>\n\t\t\t\t<\/div>\n\t\t\t\t<\/div>\n\t\t","protected":false},"excerpt":{"rendered":"<p>Lojinha do Espa\u00e7o Luz Salto A Lojinha do Espa\u00e7o Luz Salto, existe somente no presencial com atendimento nos dias de trabalhos espirituais, hol\u00edsticos, eventos diversos. Aceitamos PIX, Cart\u00f5es de D\u00e9bito e Cr\u00e9dito. Todo o lucro da Lojinha se reverte para o mantenimento do Espa\u00e7o Luz Salto.<\/p>\n","protected":false},"author":1,"featured_media":0,"parent":0,"menu_order":0,"comment_status":"closed","ping_status":"closed","template":"","meta":{"footnotes":""},"class_list":["post-533","page","type-page","status-publish","hentry"],"yoast_head":"<!-- This site is optimized with the Yoast SEO Premium plugin v27.0 (Yoast SEO v27.0) - https:\/\/yoast.com\/product\/yoast-seo-premium-wordpress\/ -->\n<title>lojinha -<\/title>\n<meta name=\"robots\" content=\"index, follow, max-snippet:-1, max-image-preview:large, max-video-preview:-1\" \/>\n<link rel=\"canonical\" href=\"https:\/\/xn--espaoluzsalto-lgb.com.br\/?page_id=533\" \/>\n<meta property=\"og:locale\" content=\"en_US\" \/>\n<meta property=\"og:type\" content=\"article\" \/>\n<meta property=\"og:title\" content=\"lojinha\" \/>\n<meta property=\"og:description\" content=\"Lojinha do Espa\u00e7o Luz Salto A Lojinha do Espa\u00e7o Luz Salto, existe somente no presencial com atendimento nos dias de trabalhos espirituais, hol\u00edsticos, eventos diversos. Aceitamos PIX, Cart\u00f5es de D\u00e9bito e Cr\u00e9dito. Todo o lucro da Lojinha se reverte para o mantenimento do Espa\u00e7o Luz Salto.\" \/>\n<meta property=\"og:url\" content=\"https:\/\/xn--espaoluzsalto-lgb.com.br\/?page_id=533\" \/>\n<meta property=\"article:modified_time\" content=\"2026-03-05T22:31:18+00:00\" \/>\n<meta property=\"og:image\" content=\"http:\/\/xn--espaoluzsalto-lgb.com.br\/wp-content\/uploads\/2026\/02\/WhatsApp-Image-2026-02-03-at-08.42.01-1-150x150.jpeg\" \/>\n<meta name=\"twitter:card\" content=\"summary_large_image\" \/>\n<meta name=\"twitter:label1\" content=\"Est. reading time\" \/>\n\t<meta name=\"twitter:data1\" content=\"12 minutes\" \/>\n<script type=\"application\/ld+json\" class=\"yoast-schema-graph\">{\"@context\":\"https:\/\/schema.org\",\"@graph\":[{\"@type\":\"WebPage\",\"@id\":\"https:\/\/xn--espaoluzsalto-lgb.com.br\/?page_id=533\",\"url\":\"https:\/\/xn--espaoluzsalto-lgb.com.br\/?page_id=533\",\"name\":\"lojinha -\",\"isPartOf\":{\"@id\":\"http:\/\/xn--espaoluzsalto-lgb.com.br\/#website\"},\"primaryImageOfPage\":{\"@id\":\"https:\/\/xn--espaoluzsalto-lgb.com.br\/?page_id=533#primaryimage\"},\"image\":{\"@id\":\"https:\/\/xn--espaoluzsalto-lgb.com.br\/?page_id=533#primaryimage\"},\"thumbnailUrl\":\"http:\/\/xn--espaoluzsalto-lgb.com.br\/wp-content\/uploads\/2026\/02\/WhatsApp-Image-2026-02-03-at-08.42.01-1-150x150.jpeg\",\"datePublished\":\"2026-02-17T18:39:56+00:00\",\"dateModified\":\"2026-03-05T22:31:18+00:00\",\"breadcrumb\":{\"@id\":\"https:\/\/xn--espaoluzsalto-lgb.com.br\/?page_id=533#breadcrumb\"},\"inLanguage\":\"en-US\",\"potentialAction\":[{\"@type\":\"ReadAction\",\"target\":[\"https:\/\/xn--espaoluzsalto-lgb.com.br\/?page_id=533\"]}]},{\"@type\":\"ImageObject\",\"inLanguage\":\"en-US\",\"@id\":\"https:\/\/xn--espaoluzsalto-lgb.com.br\/?page_id=533#primaryimage\",\"url\":\"https:\/\/xn--espaoluzsalto-lgb.com.br\/wp-content\/uploads\/2026\/02\/WhatsApp-Image-2026-02-03-at-08.42.01-1-e1770246085133.jpeg\",\"contentUrl\":\"https:\/\/xn--espaoluzsalto-lgb.com.br\/wp-content\/uploads\/2026\/02\/WhatsApp-Image-2026-02-03-at-08.42.01-1-e1770246085133.jpeg\",\"width\":700,\"height\":690},{\"@type\":\"BreadcrumbList\",\"@id\":\"https:\/\/xn--espaoluzsalto-lgb.com.br\/?page_id=533#breadcrumb\",\"itemListElement\":[{\"@type\":\"ListItem\",\"position\":1,\"name\":\"Home\",\"item\":\"http:\/\/xn--espaoluzsalto-lgb.com.br\/\"},{\"@type\":\"ListItem\",\"position\":2,\"name\":\"lojinha\"}]},{\"@type\":\"WebSite\",\"@id\":\"http:\/\/xn--espaoluzsalto-lgb.com.br\/#website\",\"url\":\"http:\/\/xn--espaoluzsalto-lgb.com.br\/\",\"name\":\"Espa\u00e7o Luz Salto\",\"description\":\"\",\"publisher\":{\"@id\":\"http:\/\/xn--espaoluzsalto-lgb.com.br\/#organization\"},\"potentialAction\":[{\"@type\":\"SearchAction\",\"target\":{\"@type\":\"EntryPoint\",\"urlTemplate\":\"http:\/\/xn--espaoluzsalto-lgb.com.br\/?s={search_term_string}\"},\"query-input\":{\"@type\":\"PropertyValueSpecification\",\"valueRequired\":true,\"valueName\":\"search_term_string\"}}],\"inLanguage\":\"en-US\"},{\"@type\":\"Organization\",\"@id\":\"http:\/\/xn--espaoluzsalto-lgb.com.br\/#organization\",\"name\":\"Espa\u00e7o Luz Salto\",\"url\":\"http:\/\/xn--espaoluzsalto-lgb.com.br\/\",\"logo\":{\"@type\":\"ImageObject\",\"inLanguage\":\"en-US\",\"@id\":\"http:\/\/xn--espaoluzsalto-lgb.com.br\/#\/schema\/logo\/image\/\",\"url\":\"https:\/\/xn--espaoluzsalto-lgb.com.br\/wp-content\/uploads\/2026\/02\/WhatsApp-Image-2026-02-03-at-08.42.01-1-e1770246085133.jpeg\",\"contentUrl\":\"https:\/\/xn--espaoluzsalto-lgb.com.br\/wp-content\/uploads\/2026\/02\/WhatsApp-Image-2026-02-03-at-08.42.01-1-e1770246085133.jpeg\",\"width\":700,\"height\":690,\"caption\":\"Espa\u00e7o Luz Salto\"},\"image\":{\"@id\":\"http:\/\/xn--espaoluzsalto-lgb.com.br\/#\/schema\/logo\/image\/\"}}]}<\/script>\n<!-- \/ Yoast SEO Premium plugin. -->","yoast_head_json":{"title":"lojinha -","robots":{"index":"index","follow":"follow","max-snippet":"max-snippet:-1","max-image-preview":"max-image-preview:large","max-video-preview":"max-video-preview:-1"},"canonical":"https:\/\/xn--espaoluzsalto-lgb.com.br\/?page_id=533","og_locale":"en_US","og_type":"article","og_title":"lojinha","og_description":"Lojinha do Espa\u00e7o Luz Salto A Lojinha do Espa\u00e7o Luz Salto, existe somente no presencial com atendimento nos dias de trabalhos espirituais, hol\u00edsticos, eventos diversos. Aceitamos PIX, Cart\u00f5es de D\u00e9bito e Cr\u00e9dito. Todo o lucro da Lojinha se reverte para o mantenimento do Espa\u00e7o Luz Salto.","og_url":"https:\/\/xn--espaoluzsalto-lgb.com.br\/?page_id=533","article_modified_time":"2026-03-05T22:31:18+00:00","og_image":[{"url":"http:\/\/xn--espaoluzsalto-lgb.com.br\/wp-content\/uploads\/2026\/02\/WhatsApp-Image-2026-02-03-at-08.42.01-1-150x150.jpeg","type":"","width":"","height":""}],"twitter_card":"summary_large_image","twitter_misc":{"Est. reading time":"12 minutes"},"schema":{"@context":"https:\/\/schema.org","@graph":[{"@type":"WebPage","@id":"https:\/\/xn--espaoluzsalto-lgb.com.br\/?page_id=533","url":"https:\/\/xn--espaoluzsalto-lgb.com.br\/?page_id=533","name":"lojinha -","isPartOf":{"@id":"http:\/\/xn--espaoluzsalto-lgb.com.br\/#website"},"primaryImageOfPage":{"@id":"https:\/\/xn--espaoluzsalto-lgb.com.br\/?page_id=533#primaryimage"},"image":{"@id":"https:\/\/xn--espaoluzsalto-lgb.com.br\/?page_id=533#primaryimage"},"thumbnailUrl":"http:\/\/xn--espaoluzsalto-lgb.com.br\/wp-content\/uploads\/2026\/02\/WhatsApp-Image-2026-02-03-at-08.42.01-1-150x150.jpeg","datePublished":"2026-02-17T18:39:56+00:00","dateModified":"2026-03-05T22:31:18+00:00","breadcrumb":{"@id":"https:\/\/xn--espaoluzsalto-lgb.com.br\/?page_id=533#breadcrumb"},"inLanguage":"en-US","potentialAction":[{"@type":"ReadAction","target":["https:\/\/xn--espaoluzsalto-lgb.com.br\/?page_id=533"]}]},{"@type":"ImageObject","inLanguage":"en-US","@id":"https:\/\/xn--espaoluzsalto-lgb.com.br\/?page_id=533#primaryimage","url":"https:\/\/xn--espaoluzsalto-lgb.com.br\/wp-content\/uploads\/2026\/02\/WhatsApp-Image-2026-02-03-at-08.42.01-1-e1770246085133.jpeg","contentUrl":"https:\/\/xn--espaoluzsalto-lgb.com.br\/wp-content\/uploads\/2026\/02\/WhatsApp-Image-2026-02-03-at-08.42.01-1-e1770246085133.jpeg","width":700,"height":690},{"@type":"BreadcrumbList","@id":"https:\/\/xn--espaoluzsalto-lgb.com.br\/?page_id=533#breadcrumb","itemListElement":[{"@type":"ListItem","position":1,"name":"Home","item":"http:\/\/xn--espaoluzsalto-lgb.com.br\/"},{"@type":"ListItem","position":2,"name":"lojinha"}]},{"@type":"WebSite","@id":"http:\/\/xn--espaoluzsalto-lgb.com.br\/#website","url":"http:\/\/xn--espaoluzsalto-lgb.com.br\/","name":"Espa\u00e7o Luz Salto","description":"","publisher":{"@id":"http:\/\/xn--espaoluzsalto-lgb.com.br\/#organization"},"potentialAction":[{"@type":"SearchAction","target":{"@type":"EntryPoint","urlTemplate":"http:\/\/xn--espaoluzsalto-lgb.com.br\/?s={search_term_string}"},"query-input":{"@type":"PropertyValueSpecification","valueRequired":true,"valueName":"search_term_string"}}],"inLanguage":"en-US"},{"@type":"Organization","@id":"http:\/\/xn--espaoluzsalto-lgb.com.br\/#organization","name":"Espa\u00e7o Luz Salto","url":"http:\/\/xn--espaoluzsalto-lgb.com.br\/","logo":{"@type":"ImageObject","inLanguage":"en-US","@id":"http:\/\/xn--espaoluzsalto-lgb.com.br\/#\/schema\/logo\/image\/","url":"https:\/\/xn--espaoluzsalto-lgb.com.br\/wp-content\/uploads\/2026\/02\/WhatsApp-Image-2026-02-03-at-08.42.01-1-e1770246085133.jpeg","contentUrl":"https:\/\/xn--espaoluzsalto-lgb.com.br\/wp-content\/uploads\/2026\/02\/WhatsApp-Image-2026-02-03-at-08.42.01-1-e1770246085133.jpeg","width":700,"height":690,"caption":"Espa\u00e7o Luz Salto"},"image":{"@id":"http:\/\/xn--espaoluzsalto-lgb.com.br\/#\/schema\/logo\/image\/"}}]}},"_links":{"self":[{"href":"https:\/\/xn--espaoluzsalto-lgb.com.br\/index.php?rest_route=\/wp\/v2\/pages\/533","targetHints":{"allow":["GET"]}}],"collection":[{"href":"https:\/\/xn--espaoluzsalto-lgb.com.br\/index.php?rest_route=\/wp\/v2\/pages"}],"about":[{"href":"https:\/\/xn--espaoluzsalto-lgb.com.br\/index.php?rest_route=\/wp\/v2\/types\/page"}],"author":[{"embeddable":true,"href":"https:\/\/xn--espaoluzsalto-lgb.com.br\/index.php?rest_route=\/wp\/v2\/users\/1"}],"replies":[{"embeddable":true,"href":"https:\/\/xn--espaoluzsalto-lgb.com.br\/index.php?rest_route=%2Fwp%2Fv2%2Fcomments&post=533"}],"version-history":[{"count":37,"href":"https:\/\/xn--espaoluzsalto-lgb.com.br\/index.php?rest_route=\/wp\/v2\/pages\/533\/revisions"}],"predecessor-version":[{"id":677,"href":"https:\/\/xn--espaoluzsalto-lgb.com.br\/index.php?rest_route=\/wp\/v2\/pages\/533\/revisions\/677"}],"wp:attachment":[{"href":"https:\/\/xn--espaoluzsalto-lgb.com.br\/index.php?rest_route=%2Fwp%2Fv2%2Fmedia&parent=533"}],"curies":[{"name":"wp","href":"https:\/\/api.w.org\/{rel}","templated":true}]}}